 by v.
29
Suppose o - 3*m - 18 = 0, 2*m + 0*m - 60 = -2*o. What is the remainder when 52 is divided by o?
25
Suppose 5*d - 132 = -d. What is the remainder when d is divided by 6?
4
Suppose -m + 5*n = -75, 3*m - n = 3*n + 258. Calculate the remainder when 70 is divided by (8/(-10))/((-3)/m).
22
Suppose 4*l = 8*l - 8, 82 = 3*x + 5*l. Let t = 199 + 148. Suppose -2*b = -4*s + 278, -s + 3*b = 4*s - t. What is the remainder when s is divided by x?
22
Let s(d) = -d**2 - 11*d + 3. Let y be s(-6). Let b = y + -20. Let n = -72 + 110. Calculate the remainder when n is divided by b.
12
Let n be 3*((-15)/9 + -1). Calculate the remainder when ((-1)/(-2))/(3/102) is divided by -3 - (-8)/2 - n.
8
Let m = 1 - -2. Suppose 0 = 4*j - 3*d + 21, -5*j + m*j - d = 13. Let s = 6 - j. What is the remainder when 23 is divided by s?
11
Let m be (6 + -2)/(2/(-3)). Let h = m + 38. What is the remainder when h is divided by 17?
15
Let a be -1 - (3/(-3) + 1). Calculate the remainder when (88/(-2))/(-2) + -2 is divided by (1*a)/(4/(-44)).
9
Suppose -12 = -4*l + 4*s, 4*l + 9 = 5*l + s. What is the remainder when 30 is divided by 50/l - 1/3?
6
Calculate the remainder when (-3)/((-12)/(-15) + -1) is divided by 4.
3
Let x = -3 + 7. Let a(c) = 3*c. Let m(j) = -j + 19. Calculate the remainder when m(-15) is divided by a(x).
10
Let v be 7 + (-2)/6*0. Suppose 5*h + 45 = 4*s, 2*s - 3*h + v = 3*s. Let j = s - 1. What is the remainder when 26 is divided by j?
8
Let o be (-40)/(-12) - (-4)/6. Suppose -o*i + 7*i = 18. Suppose 4*j - 5*d = 84, i*j - j + d - 76 = 0. Calculate the remainder when 30 is divided by j.
14
Let b(n) = -6*n**2. Let a be b(-2). Suppose -4*h + 60 = 5*c - 155, -3*c - 3*h + 129 = 0. Let i = c + a. Calculate the remainder when i is divided by 10.
9
Let u(r) be the first derivative of r**3/3 + 3*r**2/2 - 2*r + 2. Let x be u(-4). Suppose -c = -x - 15. What is the remainder when c is divided by 9?
8
Suppose 0 = 4*g + 10 - 158. Calculate the remainder when g is divided by 13.
11
Let c be ((-1)/(-2))/((-4)/(-24)). Suppose -c*z + 50 = 2*z. What is the remainder when 38 is divided by z?
8
Let j = -16 + 44. What is the remainder when (2/(-3))/((-4)/246) is divided by (j/(-8))/(1/(-4))?
13
Suppose 10 = b - 0*b. Let f = b - 3. Let s(z) = -z**2 + 8*z + 1. Calculate the remainder when 15 is divided by s(f).
7
Suppose -4 = -2*q - z, 0 = -5*q + 2*q - z + 4. Suppose a = 2*h - 8, h - 3*a - 4 + 10 = q. Let o(y) = -y**3 + 2. What is the remainder when h is divided by o(0)?
0
Let b = -6 + 7. Calculate the remainder when (6 - b)*1*5 is divided by 13.
12
Let z(h) be the first derivative of -h**3/3 - 15*h**2/2 + h + 2. What is the remainder when z(-13) is divided by 10?
7
Let c(g) = -3*g + 5 + 4*g - 2*g. What is the remainder when 2*12 + (0 - -2) is divided by c(-4)?
8
Calculate the remainder when (6/(-3))/((-2)/41) is divided by 9.
5
Suppose 0 = -5*x + j - 4*j + 27, -3*x + 13 = j. Suppose 5*c + 7*i = 4*i + 30, -19 = -x*c - 2*i. What is the remainder when (-2)/9 + 423/81 is divided by c?
2
Let r(n) = -n**2 + 14*n + 18. Calculate the remainder when 88 is divided by r(14).
16
What is the remainder when 45 is divided by ((-24)/14)/((-2)/14)?
9
Let w(h) = -106*h**3. Suppose 2*q - 4*a - 74 = 0, 4*a - 16 = -2*q + 18. Calculate the remainder when w(-1) is divided by q.
25
Suppose d - 21 = -4. Let u = 68 - 33. What is the remainder when (-466)/(-14) + (-10)/u is divided by d?
16
Let t(x) = 8*x**2 - 1. Let q be t(-1). Let u = q - 3. Suppose u*r - 31 = 13. Calculate the remainder when 31 is divided by r.
9
Let x(t) = 81*t**2 - 2*t - 1. What is the remainder when x(-1) is divided by 17?
14
Let t(i) = 5*i + 14. Let p be t(-12). Let f = p - -92. What is the remainder when f is divided by 12?
10
Let b(w) = -w + 11. Let d(y) be the second derivative of 5*y**4/6 + y**3/3 - y**2 + 2*y. Calculate the remainder when d(-2) is divided by b(-1).
10
Let x = 43 - 36. Calculate the remainder when 54 is divided by x.
5
Suppose 4*f + 7*f = 176. What is the remainder when 61 is divided by f?
13
Let a(v) = -2*v**3 - v**2 + 2*v. Let b(r) = 5*r. Suppose 0 = -0*w + w + 2*x + 7, -4*w + x = -8. Calculate the remainder when a(-2) is divided by b(w).
3
Let b = 41 + -22. What is the remainder when b is divided by 11?
8
Let i = 1 + 15. Suppose 0*v + 6 = q - 2*v, -4*v + 4 = 0. Suppose y + 3*c - 15 = 0, -2*c = 3*y - q - 23. What is the remainder when i is divided by y?
7
Let q be (-1)/(-4) - 153/(-12). Suppose -w + 92 = 3*w - 4*b, w - 3*b - q = 0. What is the remainder when 54 is divided by w?
26
Suppose -s + 5*d - 12 = 0, s - 2 = d - 10. Let h = -5 - s. Suppose -c + 36 = h*c. What is the remainder when 23 is divided by c?
11
What is the remainder when ((-522)/12 - 3/2)*-1 is divided by 16?
13
Suppose -8 = 4*u, -4*n + 5*u + 21 = -1. Calculate the remainder when 5 is divided by n.
2
Let s = 35 - 21. What is the remainder when (-3)/9 + (-314)/(-6) is divided by 256/s - 14/49?
16
Calculate the remainder when 0/5 - (-12 + -1) is divided by 8.
5
Let x be (-3)/5*205*-1. Suppose x + 75 = 3*d. Calculate the remainder when d is divided by 17.
15
Let j = 1 + 1. Suppose k = -0 + 2. Calculate the remainder when 2/j + (-2)/(-2) is divided by k.
0
Suppose -l - 4*l = 3*u - 157, -2*u = 4*l - 104. Suppose -4*c - 4*a = -24, 6*a - 3*a + u = 5*c. What is the remainder when 17 is divided by c?
8
Suppose -105 = -6*j - 9. Calculate the remainder when 46 is divided by j.
14
Let b(o) = -o**2 - 14*o - 13. What is the remainder when b(-10) is divided by 8?
3
Let w = 35 - -18. What is the remainder when w is divided by 19?
15
Let o = -1 - -5. Let b be (-33)/(-7) + 4/14. Suppose 3*h + a = b*a + 6, -36 = -5*h - 2*a. What is the remainder when h is divided by o?
2
What is the remainder when (-5 + 3)/(8/(-284)) is divided by 18?
17
Let f = -37 + 50. Let t = 3 - -21. Calculate the remainder when t is divided by f.
11
Let c = 85 - 59. What is the remainder when c is divided by 10?
6
Let u = -7 + 5. Let s be u/((-10)/6 - -1). Suppose -5*o + 15 = 5*y, -2*y + s*y - 5*o = 3. What is the remainder when y is divided by 2?
1
Let i(v) = 20*v**2. Let y(t) = t**3 - 3*t**2 + t - 4. Let m be y(3). What is the remainder when i(m) is divided by 0 + (-13)/(-1) + -2?
9
Let f be (-2)/(1*(-2)/6). Let o be ((-6)/8)/(2/(-24)). Calculate the remainder when 43 is divided by 86/f + 6/o.
13
Let l = 5 + 1. Suppose -l*w = -3*w. Suppose w = -d - 2*d + 24. Calculate the remainder when d is divided by 5.
3
Suppose 0 = -5*j - 11 + 31. Let x = 8 - j. Suppose -x*g = -6*g + 24. What is the remainder when 45 is divided by g?
9
Let u(c) = c**2 + c - 2. Let l be u(-2). Suppose -2*m - 4*h = l, 4*m - 6*h - 48 = -2*h. Calculate the remainder when 15 is divided by m.
7
Let w = -2 + 12. What is the remainder when 8/(-12)*(-243)/6 is divided by w?
7
Let g = 51 + -28. Suppose -4*b + g = -9. What is the remainder when 37 is divided by b?
5
Suppose -3*q + 2*v + 2*v = -34, 3*q + 2*v = 64. Let o(f) = 11*f - 1. Let m be o(6). Let x = m - 30. Calculate the remainder when x is divided by q.
17
Let h = -5 - -5. Let g(s) = s**3 - s**2 + s + 4. What is the remainder when g(h) is divided by 3?
1
Suppose 26 = r + 3*a, 7*a - 20 = -r + 2*a. Suppose 0 = 2*i - 2*d - 18, -3*i + 0*i + r = 5*d. What is the remainder when 39 is divided by i?
9
Calculate the remainder when (-4 - -4) + -1 + 90 is divided by 30.
29
Suppose -112*m = -111*m - 12. What is the remainder when 23 is divided by m?
11
Let h(j) = -j**3 - j**2 + j + 2. Let i be h(-3). Suppose -i = -2*z + 4*d + 5, -5*d + 44 = 4*z. What is the remainder when 19 is divided by z?
8
Calculate the remainder when 17 is divided by 8/3*(-75)/(-20).
7
Suppose -36 = 28*h - 29*h. What is the remainder when h is divided by 20?
16
Let d = -2 - -7. Suppose 296 - 111 = d*v. Calculate the remainder when v is divided by 4/(-8)*5*114/(-15).
18
Let p be 2/2*3 - 4. Let b = 7 - p. Calculate the remainder when 22 is divided by b.
6
Suppose -2*s + 3 = s, 3*s = -4*i + 115. Calculate the remainder when i is divided by (10/1)/(-2 - -3).
8
Let f = -38 + 41. Let r = 5 + -5. Calculate the remainder when 1 + (r - -1*6) is divided by f.
1
Suppose 15*m = 11*m + 84. What is the remainder when 82 is divided by m?
19
Let p = -5 - -9. What is the remainder when (2 + 0)*(-68)/(-8) is divided by p/10 - (-2